{"id":158,"date":"2017-03-04T20:30:29","date_gmt":"2017-03-04T20:30:29","guid":{"rendered":"http:\/\/autorin.littleweir.de\/?page_id=158"},"modified":"2017-03-06T19:45:33","modified_gmt":"2017-03-06T19:45:33","slug":"die-entstehungsgeschichte-von-migraene","status":"publish","type":"page","link":"http:\/\/autorin.littleweir.de\/?page_id=158","title":{"rendered":"Die Entstehungsgeschichte von &#8222;Migr\u00e4ne&#8220;"},"content":{"rendered":"<p style=\"text-align: center;\"><em><img decoding=\"async\" loading=\"lazy\" class=\"alignnone size-medium wp-image-106\" src=\"http:\/\/autorin.littleweir.de\/wp-content\/uploads\/2017\/02\/migr\u00e4ne-205x300.jpg\" alt=\"\" width=\"205\" height=\"300\" srcset=\"http:\/\/autorin.littleweir.de\/wp-content\/uploads\/2017\/02\/migr\u00e4ne-205x300.jpg 205w, http:\/\/autorin.littleweir.de\/wp-content\/uploads\/2017\/02\/migr\u00e4ne.jpg 363w\" sizes=\"(max-width: 205px) 100vw, 205px\" \/><\/em><\/p>\n<p style=\"text-align: center;\"><em>512 S., Klappenbr., Fadenheftung, 12,90, ISBN 978-3-88769-731-0<br \/>\n<span style=\"font-family: Arial,Helvetica;\"><span style=\"font-family: 'Arial','sans-serif';\">erh\u00e4ltlich bei <a href=\"http:\/\/www.konkursbuch.com\" target=\"_blank\">www.konkursbuch.com<\/a> oder im Buchhandel<\/span><\/span><\/em><\/p>\n<p><span style=\"font-family: 'Arial','sans-serif';\">Von der ersten Idee bis zur Fertigstellung eines Romans vergehen bei mir schon einmal Jahre.<br \/>\nDie erste Idee f\u00fcr Migr\u00e4ne hatte ich Ende der Neunziger Jahre. Ob ich da den Titel schon hatte, wei\u00df ich nicht mehr. Vermutlich war es Sommer, ich bin sehr l\u00e4rm- und lichtempfindlich und leide dann besonders. Ich stellte mir ganz vage die die Geschichte eines sehr l\u00e4rmempfindlicher Menschen vor, der Leute umbringt, die L\u00e4rm machen. Am Ende ist etwas ganz anderes daraus geworden, auch wenn diese urspr\u00fcngliche Idee im Hintergrund immer nochherumschwirrte.<\/span><\/p>\n<p><span style=\"font-family: 'Arial','sans-serif';\">Die ersten drei\u00dfig Seiten entstanden Sommer 2000, sie haben es zumindest zum Teil in die Endfassung gebracht. Toni gab es damals schon, zumindest rudiment\u00e4r. Mein zweiter Protagonist\u00a0 Joshua und die Nebenfigur Thomas wurden im November 2005 in einem ICE von Mannheim nach Berlin geboren, als ich zwei M\u00e4nner belauschte, die eine Reihe vor mir sa\u00dfen. Der eine erz\u00e4hlte dem anderen, wie sein Leben sich durch die Geburt eines Kindes ver\u00e4ndert hat.<\/span><\/p>\n<p><span style=\"font-family: 'Arial','sans-serif';\">Wie die Kommissarin Monika Haberstroh entstanden ist, wei\u00df ich nicht mehr genau. Ich glaube, sie lag einfach irgendwann ersch\u00f6pft auf dem Sofa in Tonis Wohnung. Ich habe mich auf Anhieb in sie verliebt. Das war noch bevor ich richtig mit dem Schreiben begonnen hatte.<\/span><\/p>\n<p><span style=\"font-family: 'Arial','sans-serif';\">Die erste Fassung von Migr\u00e4ne entstand von Februar bis Oktober\u00a0 2007.<\/span><\/p>\n<p style=\"text-align: center;\">\n","protected":false},"excerpt":{"rendered":"<p>512 S., Klappenbr., Fadenheftung, 12,90, ISBN 978-3-88769-731-0 erh\u00e4ltlich bei www.konkursbuch.com oder im Buchhandel Von der ersten Idee bis zur Fertigstellung eines Romans vergehen bei mir schon einmal Jahre. Die erste Idee f\u00fcr Migr\u00e4ne hatte ich Ende der Neunziger Jahre. Ob ich da den Titel schon hatte, wei\u00df ich nicht mehr. &hellip;<\/p>\n","protected":false},"author":1,"featured_media":0,"parent":50,"menu_order":0,"comment_status":"closed","ping_status":"closed","template":"","meta":[],"_links":{"self":[{"href":"http:\/\/autorin.littleweir.de\/index.php?rest_route=\/wp\/v2\/pages\/158"}],"collection":[{"href":"http:\/\/autorin.littleweir.de\/index.php?rest_route=\/wp\/v2\/pages"}],"about":[{"href":"http:\/\/autorin.littleweir.de\/index.php?rest_route=\/wp\/v2\/types\/page"}],"author":[{"embeddable":true,"href":"http:\/\/autorin.littleweir.de\/index.php?rest_route=\/wp\/v2\/users\/1"}],"replies":[{"embeddable":true,"href":"http:\/\/autorin.littleweir.de\/index.php?rest_route=%2Fwp%2Fv2%2Fcomments&post=158"}],"version-history":[{"count":9,"href":"http:\/\/autorin.littleweir.de\/index.php?rest_route=\/wp\/v2\/pages\/158\/revisions"}],"predecessor-version":[{"id":213,"href":"http:\/\/autorin.littleweir.de\/index.php?rest_route=\/wp\/v2\/pages\/158\/revisions\/213"}],"up":[{"embeddable":true,"href":"http:\/\/autorin.littleweir.de\/index.php?rest_route=\/wp\/v2\/pages\/50"}],"wp:attachment":[{"href":"http:\/\/autorin.littleweir.de\/index.php?rest_route=%2Fwp%2Fv2%2Fmedia&parent=158"}],"curies":[{"name":"wp","href":"https:\/\/api.w.org\/{rel}","templated":true}]}}

Die Entstehungsgeschichte von &#8222;Migräne&#8220;

<p style="text-align: center;"><em><img decoding="async" loading="lazy" class="alignnone size-medium wp-image-106" src="http://autorin.littleweir.de/wp-content/uploads/2017/02/migräne-205x300.jpg" alt="" width="205" height="300" srcset="http://autorin.littleweir.de/wp-content/uploads/2017/02/migräne-205x300.jpg 205w, http://autorin.littleweir.de/wp-content/uploads/2017/02/migräne.jpg 363w" sizes="(max-width: 205px) 100vw, 205px" /></em></p>
<p style="text-align: center;"><em>512 S., Klappenbr., Fadenheftung, 12,90, ISBN 978-3-88769-731-0<br />
<span style="font-family: Arial,Helvetica;"><span style="font-family: 'Arial','sans-serif';">erhältlich bei <a href="http://www.konkursbuch.com" target="_blank">www.konkursbuch.com</a> oder im Buchhandel</span></span></em></p>
<p><span style="font-family: 'Arial','sans-serif';">Von der ersten Idee bis zur Fertigstellung eines Romans vergehen bei mir schon einmal Jahre.<br />
Die erste Idee für Migräne hatte ich Ende der Neunziger Jahre. Ob ich da den Titel schon hatte, weiß ich nicht mehr. Vermutlich war es Sommer, ich bin sehr lärm- und lichtempfindlich und leide dann besonders. Ich stellte mir ganz vage die die Geschichte eines sehr lärmempfindlicher Menschen vor, der Leute umbringt, die Lärm machen. Am Ende ist etwas ganz anderes daraus geworden, auch wenn diese ursprüngliche Idee im Hintergrund immer nochherumschwirrte.</span></p>
<p><span style="font-family: 'Arial','sans-serif';">Die ersten dreißig Seiten entstanden Sommer 2000, sie haben es zumindest zum Teil in die Endfassung gebracht. Toni gab es damals schon, zumindest rudimentär. Mein zweiter Protagonist  Joshua und die Nebenfigur Thomas wurden im November 2005 in einem ICE von Mannheim nach Berlin geboren, als ich zwei Männer belauschte, die eine Reihe vor mir saßen. Der eine erzählte dem anderen, wie sein Leben sich durch die Geburt eines Kindes verändert hat.</span></p>
<p><span style="font-family: 'Arial','sans-serif';">Wie die Kommissarin Monika Haberstroh entstanden ist, weiß ich nicht mehr genau. Ich glaube, sie lag einfach irgendwann erschöpft auf dem Sofa in Tonis Wohnung. Ich habe mich auf Anhieb in sie verliebt. Das war noch bevor ich richtig mit dem Schreiben begonnen hatte.</span></p>
<p><span style="font-family: 'Arial','sans-serif';">Die erste Fassung von Migräne entstand von Februar bis Oktober  2007.</span></p>
<p style="text-align: center;">

<p>512 S., Klappenbr., Fadenheftung, 12,90, ISBN 978-3-88769-731-0 erhältlich bei www.konkursbuch.com oder im Buchhandel Von der ersten Idee bis zur Fertigstellung eines Romans vergehen bei mir schon einmal Jahre. Die erste Idee für Migräne hatte ich Ende der Neunziger Jahre. Ob ich da den Titel schon hatte, weiß ich nicht mehr. &hellip;</p>
