{"id":165,"date":"2017-03-04T20:35:06","date_gmt":"2017-03-04T20:35:06","guid":{"rendered":"http:\/\/autorin.littleweir.de\/?page_id=165"},"modified":"2018-02-03T18:55:38","modified_gmt":"2018-02-03T18:55:38","slug":"die-entstehungsgeschichte-von-am-ende-des-fegefeuers","status":"publish","type":"page","link":"http:\/\/autorin.littleweir.de\/?page_id=165","title":{"rendered":"Die Entstehungsgeschichte von &#8222;Am Ende des Fegefeuers&#8220;"},"content":{"rendered":"<p style=\"text-align: center;\" align=\"center\"><span style=\"font-family: 'Arial','sans-serif';\"><img decoding=\"async\" loading=\"lazy\" class=\"alignnone size-medium wp-image-101\" src=\"http:\/\/autorin.littleweir.de\/wp-content\/uploads\/2017\/02\/fegefeuer-195x300.jpg\" alt=\"\" width=\"195\" height=\"300\" srcset=\"http:\/\/autorin.littleweir.de\/wp-content\/uploads\/2017\/02\/fegefeuer-195x300.jpg 195w, http:\/\/autorin.littleweir.de\/wp-content\/uploads\/2017\/02\/fegefeuer.jpg 351w\" sizes=\"(max-width: 195px) 100vw, 195px\" \/><\/span><\/p>\n<p style=\"text-align: center;\" align=\"center\"><em><span style=\"font-family: 'Arial','sans-serif';\">Thriller, 480 Seiten, frz. Broschur, Fadenheftung, Preis: Euro 12,90, ISBN 978-3-88769-771-6<br \/>\n<\/span><\/em><span style=\"font-family: 'Arial','sans-serif';\">erh\u00e4ltlich bei <a href=\"http:\/\/www.konkursbuch.com\" target=\"_blank\" rel=\"noopener\">www.konkursbuch.com<\/a> oder im Buchhandel,<br \/>\n<em>auch als eBook erh\u00e4ltlich<\/em><\/span><\/p>\n<p><span style=\"font-family: 'Arial','sans-serif';\">Die\u00a0 ersten beiden S\u00e4tze waren zuerst da: \u201eIch wurde am Sonntag, den dreizehnten August 1961 geboren, am Tag als die Berliner Mauer errichtet wurde. Und ich starb am sechsten September 1972, vermutlich noch bevor Avery Brundage in seiner Rede im M\u00fcnchner Olympiastadion \u201eThe games must go on\u201c sprach.\u201c Zumindest die grundlege<\/span><span style=\"font-family: 'Arial','sans-serif';\">nde Idee daf\u00fcr, die genaue Formulierung und das Geburtsereignis haben sich ge\u00e4ndert.<br \/>\nIch wei\u00df nicht mehr, wann das war, vielleicht 2007.<\/span><\/p>\n<p><span style=\"font-family: 'Arial','sans-serif';\">Die Olympischen Spiele von M\u00fcnchen 1972 waren die ersten, die ich bewusst erlebt habe. Ich bin in einer sportbegeisterten Familie aufgewachsen, das habe ich angenommen und das ist mir geblieben. Die schrecklichen Ereignisse w\u00e4hrend der Spiele in M\u00fcnchen waren f\u00fcr mich pr\u00e4gend. Ebenso der Umgang mit Nazideutschland, die damit verbundenen Traumatisierungen, die bis heute wirken. Es gibt ja inzwischen auch Sachb\u00fccher zu den Themen Kriegskinder und Kriegsenkel, das wurde mir aber erst bewusst, nachdem ich das Buch geschrieben hatte. Meine urspr\u00fcngliche Idee war eine Familiengeschichte zu schreiben, die sich darum dreht.<br \/>\nUnd das habe ich auch getan.<\/span><\/p>\n<p><span style=\"font-family: 'Arial','sans-serif';\">Die Figuren waren sehr lange sehr vage. Matthias war der erste, der aus dem Dunst herauskam. Das war im Sommer 2009, als in der Einrichtung f\u00fcr Menschen mit Lernschwierigkeiten, in der ich arbeite, ein Bewohner unerwartet starb. Dieser Bewohner hat nichts mit Matthias zu tun, trotzdem gaben mir dieser Tod und die Gespr\u00e4che darum herum den Ansto\u00df zur Entwicklung dieser Figur.<br \/>\nDie erste Fassung habe ich von August 2010 bis Ende 2011 schrieben<br \/>\n<\/span><\/p>\n<p>&nbsp;<\/p>\n","protected":false},"excerpt":{"rendered":"<p>Thriller, 480 Seiten, frz. Broschur, Fadenheftung, Preis: Euro 12,90, ISBN 978-3-88769-771-6 erh\u00e4ltlich bei www.konkursbuch.com oder im Buchhandel, auch als eBook erh\u00e4ltlich Die\u00a0 ersten beiden S\u00e4tze waren zuerst da: \u201eIch wurde am Sonntag, den dreizehnten August 1961 geboren, am Tag als die Berliner Mauer errichtet wurde. Und ich starb am sechsten &hellip;<\/p>\n","protected":false},"author":1,"featured_media":0,"parent":69,"menu_order":0,"comment_status":"closed","ping_status":"closed","template":"","meta":[],"_links":{"self":[{"href":"http:\/\/autorin.littleweir.de\/index.php?rest_route=\/wp\/v2\/pages\/165"}],"collection":[{"href":"http:\/\/autorin.littleweir.de\/index.php?rest_route=\/wp\/v2\/pages"}],"about":[{"href":"http:\/\/autorin.littleweir.de\/index.php?rest_route=\/wp\/v2\/types\/page"}],"author":[{"embeddable":true,"href":"http:\/\/autorin.littleweir.de\/index.php?rest_route=\/wp\/v2\/users\/1"}],"replies":[{"embeddable":true,"href":"http:\/\/autorin.littleweir.de\/index.php?rest_route=%2Fwp%2Fv2%2Fcomments&post=165"}],"version-history":[{"count":6,"href":"http:\/\/autorin.littleweir.de\/index.php?rest_route=\/wp\/v2\/pages\/165\/revisions"}],"predecessor-version":[{"id":272,"href":"http:\/\/autorin.littleweir.de\/index.php?rest_route=\/wp\/v2\/pages\/165\/revisions\/272"}],"up":[{"embeddable":true,"href":"http:\/\/autorin.littleweir.de\/index.php?rest_route=\/wp\/v2\/pages\/69"}],"wp:attachment":[{"href":"http:\/\/autorin.littleweir.de\/index.php?rest_route=%2Fwp%2Fv2%2Fmedia&parent=165"}],"curies":[{"name":"wp","href":"https:\/\/api.w.org\/{rel}","templated":true}]}}

<p style="text-align: center;" align="center"><span style="font-family: 'Arial','sans-serif';"><img decoding="async" loading="lazy" class="alignnone size-medium wp-image-101" src="http://autorin.littleweir.de/wp-content/uploads/2017/02/fegefeuer-195x300.jpg" alt="" width="195" height="300" srcset="http://autorin.littleweir.de/wp-content/uploads/2017/02/fegefeuer-195x300.jpg 195w, http://autorin.littleweir.de/wp-content/uploads/2017/02/fegefeuer.jpg 351w" sizes="(max-width: 195px) 100vw, 195px" /></span></p>
<p style="text-align: center;" align="center"><em><span style="font-family: 'Arial','sans-serif';">Thriller, 480 Seiten, frz. Broschur, Fadenheftung, Preis: Euro 12,90, ISBN 978-3-88769-771-6<br />
</span></em><span style="font-family: 'Arial','sans-serif';">erhältlich bei <a href="http://www.konkursbuch.com" target="_blank" rel="noopener">www.konkursbuch.com</a> oder im Buchhandel,<br />
<em>auch als eBook erhältlich</em></span></p>
<p><span style="font-family: 'Arial','sans-serif';">Die  ersten beiden Sätze waren zuerst da: „Ich wurde am Sonntag, den dreizehnten August 1961 geboren, am Tag als die Berliner Mauer errichtet wurde. Und ich starb am sechsten September 1972, vermutlich noch bevor Avery Brundage in seiner Rede im Münchner Olympiastadion „The games must go on“ sprach.“ Zumindest die grundlege</span><span style="font-family: 'Arial','sans-serif';">nde Idee dafür, die genaue Formulierung und das Geburtsereignis haben sich geändert.<br />
Ich weiß nicht mehr, wann das war, vielleicht 2007.</span></p>
<p><span style="font-family: 'Arial','sans-serif';">Die Olympischen Spiele von München 1972 waren die ersten, die ich bewusst erlebt habe. Ich bin in einer sportbegeisterten Familie aufgewachsen, das habe ich angenommen und das ist mir geblieben. Die schrecklichen Ereignisse während der Spiele in München waren für mich prägend. Ebenso der Umgang mit Nazideutschland, die damit verbundenen Traumatisierungen, die bis heute wirken. Es gibt ja inzwischen auch Sachbücher zu den Themen Kriegskinder und Kriegsenkel, das wurde mir aber erst bewusst, nachdem ich das Buch geschrieben hatte. Meine ursprüngliche Idee war eine Familiengeschichte zu schreiben, die sich darum dreht.<br />
Und das habe ich auch getan.</span></p>
<p><span style="font-family: 'Arial','sans-serif';">Die Figuren waren sehr lange sehr vage. Matthias war der erste, der aus dem Dunst herauskam. Das war im Sommer 2009, als in der Einrichtung für Menschen mit Lernschwierigkeiten, in der ich arbeite, ein Bewohner unerwartet starb. Dieser Bewohner hat nichts mit Matthias zu tun, trotzdem gaben mir dieser Tod und die Gespräche darum herum den Anstoß zur Entwicklung dieser Figur.<br />
Die erste Fassung habe ich von August 2010 bis Ende 2011 schrieben<br />
</span></p>
<p>&nbsp;</p>

<p>Thriller, 480 Seiten, frz. Broschur, Fadenheftung, Preis: Euro 12,90, ISBN 978-3-88769-771-6 erhältlich bei www.konkursbuch.com oder im Buchhandel, auch als eBook erhältlich Die  ersten beiden Sätze waren zuerst da: „Ich wurde am Sonntag, den dreizehnten August 1961 geboren, am Tag als die Berliner Mauer errichtet wurde. Und ich starb am sechsten &hellip;</p>
