{"id":19,"date":"2017-02-12T17:36:34","date_gmt":"2017-02-12T17:36:34","guid":{"rendered":"http:\/\/autorin.littleweir.de\/?page_id=19"},"modified":"2024-06-09T12:49:21","modified_gmt":"2024-06-09T12:49:21","slug":"ueber-mich-2","status":"publish","type":"page","link":"http:\/\/autorin.littleweir.de\/?page_id=19","title":{"rendered":"\u00dcber mich"},"content":{"rendered":"<p><img decoding=\"async\" loading=\"lazy\" class=\"size-medium wp-image-184 alignnone\" src=\"http:\/\/autorin.littleweir.de\/wp-content\/uploads\/2017\/02\/DSC_0319-Kopie-169x300.jpg\" alt=\"\" width=\"169\" height=\"300\" srcset=\"http:\/\/autorin.littleweir.de\/wp-content\/uploads\/2017\/02\/DSC_0319-Kopie-169x300.jpg 169w, http:\/\/autorin.littleweir.de\/wp-content\/uploads\/2017\/02\/DSC_0319-Kopie-768x1365.jpg 768w, http:\/\/autorin.littleweir.de\/wp-content\/uploads\/2017\/02\/DSC_0319-Kopie-576x1024.jpg 576w, http:\/\/autorin.littleweir.de\/wp-content\/uploads\/2017\/02\/DSC_0319-Kopie-810x1440.jpg 810w, http:\/\/autorin.littleweir.de\/wp-content\/uploads\/2017\/02\/DSC_0319-Kopie.jpg 1512w\" sizes=\"(max-width: 169px) 100vw, 169px\" \/><\/p>\n<p><span style=\"font-family: 'Arial','sans-serif';\">Ich schreibe, seit ich schreiben kann. Bisher sind drei meiner Romane bei konkursbuch erschienen, die ich auf dieser Website vorstelle. Au\u00dferdem habe ich zahlreiche Geschichten in Anthologien ver\u00f6ffentlicht. In meinen Texten lasse ich gerne Grenzen verschwimmen, unter anderem Geschlechter- und Genregrenzen.<\/span><\/p>\n<p><span style=\"font-family: 'Arial','sans-serif';\">Geboren und aufgewachsen bin ich in Waldkirch, nicht weit von Freiburg im Schwarzwald. Seit 1984 lebe ich in Berlin. <\/span><span style=\"font-family: 'Arial','sans-serif';\">Im Brotberuf arbeite seit 2002 in einer Einrichtung f\u00fcr Menschen mit Lernschwierigkeiten und bin dort unter anderem f\u00fcr Leichte Sprache zust\u00e4ndig.<\/span><\/p>\n<p><span style=\"font-family: 'Arial','sans-serif';\">Ich interressiere mich f\u00fcr viele Dinge, unter anderem f\u00fcr Musik und Sport, beides passiv und aktiv. Ich bin leidenschaftliche Ausdauersportlerin mit der Betonung auf Ausdauer, denn schnell bin ich nicht. Au\u00dferdem bin ich eine leidenschaftiche Leserin und H\u00f6rbuch\u00f6rerin. Haupts\u00e4chlich lese morgens vor der Arbeit. Daf\u00fcr stehe ich extra fr\u00fcher auf. H\u00f6rb\u00fccher h\u00f6re ich sehr gerne bei der Hausarbeit und beim Sport.<br \/>\n<\/span><\/p>\n<p>&nbsp;<\/p>\n<p>&nbsp;<\/p>\n","protected":false},"excerpt":{"rendered":"<p>Ich schreibe, seit ich schreiben kann. Bisher sind drei meiner Romane bei konkursbuch erschienen, die ich auf dieser Website vorstelle. Au\u00dferdem habe ich zahlreiche Geschichten in Anthologien ver\u00f6ffentlicht. In meinen Texten lasse ich gerne Grenzen verschwimmen, unter anderem Geschlechter- und Genregrenzen. Geboren und aufgewachsen bin ich in Waldkirch, nicht weit &hellip;<\/p>\n","protected":false},"author":1,"featured_media":0,"parent":0,"menu_order":0,"comment_status":"closed","ping_status":"closed","template":"","meta":[],"_links":{"self":[{"href":"http:\/\/autorin.littleweir.de\/index.php?rest_route=\/wp\/v2\/pages\/19"}],"collection":[{"href":"http:\/\/autorin.littleweir.de\/index.php?rest_route=\/wp\/v2\/pages"}],"about":[{"href":"http:\/\/autorin.littleweir.de\/index.php?rest_route=\/wp\/v2\/types\/page"}],"author":[{"embeddable":true,"href":"http:\/\/autorin.littleweir.de\/index.php?rest_route=\/wp\/v2\/users\/1"}],"replies":[{"embeddable":true,"href":"http:\/\/autorin.littleweir.de\/index.php?rest_route=%2Fwp%2Fv2%2Fcomments&post=19"}],"version-history":[{"count":14,"href":"http:\/\/autorin.littleweir.de\/index.php?rest_route=\/wp\/v2\/pages\/19\/revisions"}],"predecessor-version":[{"id":387,"href":"http:\/\/autorin.littleweir.de\/index.php?rest_route=\/wp\/v2\/pages\/19\/revisions\/387"}],"wp:attachment":[{"href":"http:\/\/autorin.littleweir.de\/index.php?rest_route=%2Fwp%2Fv2%2Fmedia&parent=19"}],"curies":[{"name":"wp","href":"https:\/\/api.w.org\/{rel}","templated":true}]}}

Über mich

<p><img decoding="async" loading="lazy" class="size-medium wp-image-184 alignnone" src="http://autorin.littleweir.de/wp-content/uploads/2017/02/DSC_0319-Kopie-169x300.jpg" alt="" width="169" height="300" srcset="http://autorin.littleweir.de/wp-content/uploads/2017/02/DSC_0319-Kopie-169x300.jpg 169w, http://autorin.littleweir.de/wp-content/uploads/2017/02/DSC_0319-Kopie-768x1365.jpg 768w, http://autorin.littleweir.de/wp-content/uploads/2017/02/DSC_0319-Kopie-576x1024.jpg 576w, http://autorin.littleweir.de/wp-content/uploads/2017/02/DSC_0319-Kopie-810x1440.jpg 810w, http://autorin.littleweir.de/wp-content/uploads/2017/02/DSC_0319-Kopie.jpg 1512w" sizes="(max-width: 169px) 100vw, 169px" /></p>
<p><span style="font-family: 'Arial','sans-serif';">Ich schreibe, seit ich schreiben kann. Bisher sind drei meiner Romane bei konkursbuch erschienen, die ich auf dieser Website vorstelle. Außerdem habe ich zahlreiche Geschichten in Anthologien veröffentlicht. In meinen Texten lasse ich gerne Grenzen verschwimmen, unter anderem Geschlechter- und Genregrenzen.</span></p>
<p><span style="font-family: 'Arial','sans-serif';">Geboren und aufgewachsen bin ich in Waldkirch, nicht weit von Freiburg im Schwarzwald. Seit 1984 lebe ich in Berlin. </span><span style="font-family: 'Arial','sans-serif';">Im Brotberuf arbeite seit 2002 in einer Einrichtung für Menschen mit Lernschwierigkeiten und bin dort unter anderem für Leichte Sprache zuständig.</span></p>
<p><span style="font-family: 'Arial','sans-serif';">Ich interressiere mich für viele Dinge, unter anderem für Musik und Sport, beides passiv und aktiv. Ich bin leidenschaftliche Ausdauersportlerin mit der Betonung auf Ausdauer, denn schnell bin ich nicht. Außerdem bin ich eine leidenschaftiche Leserin und Hörbuchörerin. Hauptsächlich lese morgens vor der Arbeit. Dafür stehe ich extra früher auf. Hörbücher höre ich sehr gerne bei der Hausarbeit und beim Sport.<br />
</span></p>
<p>&nbsp;</p>
<p>&nbsp;</p>

<p>Ich schreibe, seit ich schreiben kann. Bisher sind drei meiner Romane bei konkursbuch erschienen, die ich auf dieser Website vorstelle. Außerdem habe ich zahlreiche Geschichten in Anthologien veröffentlicht. In meinen Texten lasse ich gerne Grenzen verschwimmen, unter anderem Geschlechter- und Genregrenzen. Geboren und aufgewachsen bin ich in Waldkirch, nicht weit &hellip;</p>
